{"id":101,"date":"2023-05-08T13:43:56","date_gmt":"2023-05-08T13:43:56","guid":{"rendered":"https:\/\/www.lipsie.com\/ch\/videoubersetzung\/?page_id=101"},"modified":"2026-03-18T15:37:22","modified_gmt":"2026-03-18T15:37:22","slug":"ubersetzung-von-untertiteln","status":"publish","type":"page","link":"https:\/\/www.lipsie.com\/ch\/videoubersetzung\/ubersetzung-von-untertiteln\/","title":{"rendered":"\u00dcbersetzung von Untertiteln"},"content":{"rendered":"\t\t<div data-elementor-type=\"wp-page\" data-elementor-id=\"101\" class=\"elementor elementor-101\" data-elementor-post-type=\"page\">\n\t\t\t\t\t\t<section class=\"elementor-section elementor-top-section elementor-element elementor-element-6ddd7d9 elementor-section-full_width elementor-section-height-default elementor-section-height-default\" data-id=\"6ddd7d9\" data-element_type=\"section\" data-e-type=\"section\">\n\t\t\t\t\t\t<div class=\"elementor-container elementor-column-gap-no\">\n\t\t\t\t\t<div class=\"elementor-column elementor-col-50 elementor-top-column elementor-element elementor-element-f30cdfd\" data-id=\"f30cdfd\" data-element_type=\"column\" data-e-type=\"column\" data-settings=\"{&quot;background_background&quot;:&quot;classic&quot;}\">\n\t\t\t<div class=\"elementor-widget-wrap elementor-element-populated\">\n\t\t\t\t\t\t<div class=\"elementor-element elementor-element-a9373a6 after-alt elementor-widget elementor-widget-heading\" data-id=\"a9373a6\" data-element_type=\"widget\" data-e-type=\"widget\" data-widget_type=\"heading.default\">\n\t\t\t\t<div class=\"elementor-widget-container\">\n\t\t\t\t\t<h1 class=\"elementor-heading-title elementor-size-default\">\u00dcbersetzung von Untertiteln<\/h1>\t\t\t\t<\/div>\n\t\t\t\t<\/div>\n\t\t\t\t<div class=\"elementor-element elementor-element-08527ea elementor-widget elementor-widget-text-editor\" data-id=\"08527ea\" data-element_type=\"widget\" data-e-type=\"widget\" data-widget_type=\"text-editor.default\">\n\t\t\t\t<div class=\"elementor-widget-container\">\n\t\t\t\t\t\t\t\t\t<p>&#8220;Was geschrieben oder gedacht werden kann, kann genauso gut gefilmt werden&#8221;. (Stanley Kubrick)<\/p>\t\t\t\t\t\t\t\t<\/div>\n\t\t\t\t<\/div>\n\t\t\t\t\t<\/div>\n\t\t<\/div>\n\t\t\t\t<div class=\"elementor-column elementor-col-50 elementor-top-column elementor-element elementor-element-ac04e41\" data-id=\"ac04e41\" data-element_type=\"column\" data-e-type=\"column\">\n\t\t\t<div class=\"elementor-widget-wrap elementor-element-populated\">\n\t\t\t\t\t\t<div class=\"elementor-element elementor-element-5725bde elementor-widget elementor-widget-theme-post-featured-image elementor-widget-image\" data-id=\"5725bde\" data-element_type=\"widget\" data-e-type=\"widget\" data-widget_type=\"theme-post-featured-image.default\">\n\t\t\t\t<div class=\"elementor-widget-container\">\n\t\t\t\t\t\t\t\t\t\t\t\t\t\t\t<img fetchpriority=\"high\" decoding=\"async\" width=\"1280\" height=\"604\" src=\"https:\/\/www.lipsie.com\/ch\/videoubersetzung\/wp-content\/uploads\/2023\/05\/sous-titrage.jpg\" class=\"attachment-full size-full wp-image-102\" alt=\"\" srcset=\"https:\/\/www.lipsie.com\/ch\/videoubersetzung\/wp-content\/uploads\/2023\/05\/sous-titrage.jpg 1280w, https:\/\/www.lipsie.com\/ch\/videoubersetzung\/wp-content\/uploads\/2023\/05\/sous-titrage-300x142.jpg 300w, https:\/\/www.lipsie.com\/ch\/videoubersetzung\/wp-content\/uploads\/2023\/05\/sous-titrage-1024x483.jpg 1024w, https:\/\/www.lipsie.com\/ch\/videoubersetzung\/wp-content\/uploads\/2023\/05\/sous-titrage-768x362.jpg 768w\" sizes=\"(max-width: 1280px) 100vw, 1280px\" \/>\t\t\t\t\t\t\t\t\t\t\t\t\t\t\t<\/div>\n\t\t\t\t<\/div>\n\t\t\t\t\t<\/div>\n\t\t<\/div>\n\t\t\t\t\t<\/div>\n\t\t<\/section>\n\t\t\t\t<section class=\"elementor-section elementor-top-section elementor-element elementor-element-45457046 elementor-section-boxed elementor-section-height-default elementor-section-height-default\" data-id=\"45457046\" data-element_type=\"section\" data-e-type=\"section\" data-settings=\"{&quot;background_background&quot;:&quot;classic&quot;}\">\n\t\t\t\t\t\t<div class=\"elementor-container elementor-column-gap-default\">\n\t\t\t\t\t<div class=\"elementor-column elementor-col-100 elementor-top-column elementor-element elementor-element-551e4e27\" data-id=\"551e4e27\" data-element_type=\"column\" data-e-type=\"column\" data-settings=\"{&quot;background_background&quot;:&quot;classic&quot;}\">\n\t\t\t<div class=\"elementor-widget-wrap elementor-element-populated\">\n\t\t\t\t\t\t<div class=\"elementor-element elementor-element-4e7e49e9 after-orange elementor-widget elementor-widget-heading\" data-id=\"4e7e49e9\" data-element_type=\"widget\" data-e-type=\"widget\" data-widget_type=\"heading.default\">\n\t\t\t\t<div class=\"elementor-widget-container\">\n\t\t\t\t\t<h2 class=\"elementor-heading-title elementor-size-default\">\u00dcbersetzung von Untertiteln: Lassen Sie Ihre Bilder sprechen<\/h2>\t\t\t\t<\/div>\n\t\t\t\t<\/div>\n\t\t\t\t<div class=\"elementor-element elementor-element-32b8087e elementor-widget elementor-widget-text-editor\" data-id=\"32b8087e\" data-element_type=\"widget\" data-e-type=\"widget\" data-widget_type=\"text-editor.default\">\n\t\t\t\t<div class=\"elementor-widget-container\">\n\t\t\t\t\t\t\t\t\t<p>Von Kunstvideos bis hin zu Werbe- und Unternehmensvideos gibt es kein audiovisuelles Produkt, f\u00fcr das keine Untertitel verwendet werden. Anstatt zu synchronisieren, ziehen es viele Unternehmen vor, ihre Videos zu untertiteln und die Untertitel in verschiedene Sprachen zu \u00fcbersetzen, um ihrem Produkt einen internationalen Anstrich zu verleihen. Die Agentur Lipsie verf\u00fcgt \u00fcber ein Team von Fachleuten, die mit der besten Untertitelungssoftware (Wincaps, EZ Titles usw.) sowie mit den wichtigsten Branchenregeln vertraut sind.<\/p>\t\t\t\t\t\t\t\t<\/div>\n\t\t\t\t<\/div>\n\t\t\t\t<div class=\"elementor-element elementor-element-1d218d97 elementor-widget elementor-widget-spacer\" data-id=\"1d218d97\" data-element_type=\"widget\" data-e-type=\"widget\" data-widget_type=\"spacer.default\">\n\t\t\t\t<div class=\"elementor-widget-container\">\n\t\t\t\t\t\t\t<div class=\"elementor-spacer\">\n\t\t\t<div class=\"elementor-spacer-inner\"><\/div>\n\t\t<\/div>\n\t\t\t\t\t\t<\/div>\n\t\t\t\t<\/div>\n\t\t\t\t\t<\/div>\n\t\t<\/div>\n\t\t\t\t\t<\/div>\n\t\t<\/section>\n\t\t\t\t<section class=\"elementor-section elementor-top-section elementor-element elementor-element-4cf1564 elementor-section-boxed elementor-section-height-default elementor-section-height-default\" data-id=\"4cf1564\" data-element_type=\"section\" data-e-type=\"section\" data-settings=\"{&quot;background_background&quot;:&quot;classic&quot;}\">\n\t\t\t\t\t\t<div class=\"elementor-container elementor-column-gap-default\">\n\t\t\t\t\t<div class=\"elementor-column elementor-col-100 elementor-top-column elementor-element elementor-element-5552cbf\" data-id=\"5552cbf\" data-element_type=\"column\" data-e-type=\"column\" data-settings=\"{&quot;background_background&quot;:&quot;classic&quot;}\">\n\t\t\t<div class=\"elementor-widget-wrap elementor-element-populated\">\n\t\t\t\t\t\t<div class=\"elementor-element elementor-element-10ca9a1 after-alt elementor-widget elementor-widget-heading\" data-id=\"10ca9a1\" data-element_type=\"widget\" data-e-type=\"widget\" data-widget_type=\"heading.default\">\n\t\t\t\t<div class=\"elementor-widget-container\">\n\t\t\t\t\t<h2 class=\"elementor-heading-title elementor-size-default\">Regeln f\u00fcr die Untertitelung<\/h2>\t\t\t\t<\/div>\n\t\t\t\t<\/div>\n\t\t\t\t<div class=\"elementor-element elementor-element-01cc688 elementor-widget elementor-widget-text-editor\" data-id=\"01cc688\" data-element_type=\"widget\" data-e-type=\"widget\" data-widget_type=\"text-editor.default\">\n\t\t\t\t<div class=\"elementor-widget-container\">\n\t\t\t\t\t\t\t\t\t<p>Auch wenn es sich nicht um eine exakte Wissenschaft handelt, m\u00fcssen bei der Untertitelung bestimmte Parameter ber\u00fccksichtigt werden. Bei der Untertitelung eines audiovisuellen Produkts ist beispielsweise die Synchronisation von Ton und Bild von entscheidender Bedeutung. Bei der Untertitelung m\u00fcssen Szenenwechsel und Rhythmus von Schnitt, Dialog oder Off-Stimme ber\u00fccksichtigt werden. Wir halten uns an die Sechs-Sekunden-Regel, nach der ein Untertitel nie l\u00e4nger als sechs Sekunden auf dem Bildschirm bleiben sollte. Wir sind uns dar\u00fcber im Klaren, dass das Lesen der Texteinblendung den Betrachter nicht davon abhalten sollte, die Bilder im Video zu geniessen.<\/p><p>Wir bieten die \u00dcbersetzung von Untertiteln sowohl im .srt- als auch im Word-Format, mit oder ohne Timecode, oder auch die einfache Transkription von Audiodateien, mit oder ohne Timecode. Wir legen grossen Wert auf die Lesegeschwindigkeit, f\u00fcr die wir uns an genaue Parameter halten, die in wpm (W\u00f6rter pro Minute) und cps (Zeichen pro Sekunde) angegeben werden und gemeinsam mit dem Kunden festgelegt werden. Wir empfehlen grunds\u00e4tzlich, diese Werte in Abh\u00e4ngigkeit vom Rezipienten des Videos zu w\u00e4hlen: ein Kind wird eine langsamere Lesegeschwindigkeit haben als ein Erwachsener, ein Experte auf einem Gebiet wird schneller lesen als ein Neuling. Um ihnen das Lesen nicht zu erschweren, raten wir unseren Kunden, nicht mehr als zwei Untertitelzeilen mit jeweils maximal 42 Zeichen zu verwenden.<\/p>\t\t\t\t\t\t\t\t<\/div>\n\t\t\t\t<\/div>\n\t\t\t\t<div class=\"elementor-element elementor-element-df99a19 elementor-widget elementor-widget-spacer\" data-id=\"df99a19\" data-element_type=\"widget\" data-e-type=\"widget\" data-widget_type=\"spacer.default\">\n\t\t\t\t<div class=\"elementor-widget-container\">\n\t\t\t\t\t\t\t<div class=\"elementor-spacer\">\n\t\t\t<div class=\"elementor-spacer-inner\"><\/div>\n\t\t<\/div>\n\t\t\t\t\t\t<\/div>\n\t\t\t\t<\/div>\n\t\t\t\t\t<\/div>\n\t\t<\/div>\n\t\t\t\t\t<\/div>\n\t\t<\/section>\n\t\t\t\t<section class=\"elementor-section elementor-top-section elementor-element elementor-element-021452b elementor-section-boxed elementor-section-height-default elementor-section-height-default\" data-id=\"021452b\" data-element_type=\"section\" data-e-type=\"section\" data-settings=\"{&quot;background_background&quot;:&quot;classic&quot;}\">\n\t\t\t\t\t\t<div class=\"elementor-container elementor-column-gap-default\">\n\t\t\t\t\t<div class=\"elementor-column elementor-col-100 elementor-top-column elementor-element elementor-element-3f8e492\" data-id=\"3f8e492\" data-element_type=\"column\" data-e-type=\"column\" data-settings=\"{&quot;background_background&quot;:&quot;classic&quot;}\">\n\t\t\t<div class=\"elementor-widget-wrap elementor-element-populated\">\n\t\t\t\t\t\t<div class=\"elementor-element elementor-element-af57432 after-orange elementor-widget elementor-widget-heading\" data-id=\"af57432\" data-element_type=\"widget\" data-e-type=\"widget\" data-widget_type=\"heading.default\">\n\t\t\t\t<div class=\"elementor-widget-container\">\n\t\t\t\t\t<h2 class=\"elementor-heading-title elementor-size-default\">Lipsie hat stets ein offenes Ohr f\u00fcr Ihre Untertitelungsw\u00fcnsche<\/h2>\t\t\t\t<\/div>\n\t\t\t\t<\/div>\n\t\t\t\t<div class=\"elementor-element elementor-element-f5c0f8c elementor-widget elementor-widget-text-editor\" data-id=\"f5c0f8c\" data-element_type=\"widget\" data-e-type=\"widget\" data-widget_type=\"text-editor.default\">\n\t\t\t\t<div class=\"elementor-widget-container\">\n\t\t\t\t\t\t\t\t\t<p>Bevor wir mit der Bearbeitung des Videos beginnen, h\u00f6ren wir uns die Bed\u00fcrfnisse unserer Kunden genau an. Eine gute Untertitel\u00fcbersetzung muss auch die Schriftart (Typ, Farbe und Gr\u00f6\u00dfe) und den Hintergrund (schwarz, transparent oder farbig) ber\u00fccksichtigen. Die Wahl dieser Parameter hat nicht nur \u00e4sthetische Gr\u00fcnde, sondern h\u00e4ngt vor allem von der Bestimmung des Videos und der Art und Weise ab, wie es von den Nutzern wahrgenommen werden soll.<\/p><p>Untertitel m\u00fcssen mit dem Bild harmonieren k\u00f6nnen, ohne ihm zu viel Raum zu nehmen. Deshalb ziehen wir die Synthese einer allzu originalgetreuen \u00dcbersetzung vor: Wir bem\u00fchen uns, das Lesen so fl\u00fcssig wie m\u00f6glich zu gestalten, damit der Zuschauer alle Aspekte und Sprachen des audiovisuellen Produkts erfassen kann. Bei Dialogen eliminieren wir zum Beispiel jegliches Z\u00f6gern, Wiederholungen oder Zwischenrufe. Bei Unternehmensfilmen bem\u00fchen wir uns um Pr\u00e4zision und Werbewirksamkeit. Der sprachliche Aspekt ist ebenso wichtig wie der technische: Jeder Untertitler ist auf bestimmte Bereiche spezialisiert und beherrscht den Fachjargon auf nat\u00fcrliche Weise.<\/p>\t\t\t\t\t\t\t\t<\/div>\n\t\t\t\t<\/div>\n\t\t\t\t<div class=\"elementor-element elementor-element-c2d6133 elementor-widget elementor-widget-spacer\" data-id=\"c2d6133\" data-element_type=\"widget\" data-e-type=\"widget\" data-widget_type=\"spacer.default\">\n\t\t\t\t<div class=\"elementor-widget-container\">\n\t\t\t\t\t\t\t<div class=\"elementor-spacer\">\n\t\t\t<div class=\"elementor-spacer-inner\"><\/div>\n\t\t<\/div>\n\t\t\t\t\t\t<\/div>\n\t\t\t\t<\/div>\n\t\t\t\t<div class=\"elementor-element elementor-element-7cd263f elementor-align-center elementor-widget elementor-widget-button\" data-id=\"7cd263f\" data-element_type=\"widget\" data-e-type=\"widget\" data-widget_type=\"button.default\">\n\t\t\t\t<div class=\"elementor-widget-container\">\n\t\t\t\t\t\t\t\t\t<div class=\"elementor-button-wrapper\">\n\t\t\t\t\t<a class=\"elementor-button elementor-button-link elementor-size-md\" href=\"https:\/\/www.lipsie.com\/ch\/rfq.htm\">\n\t\t\t\t\t\t<span class=\"elementor-button-content-wrapper\">\n\t\t\t\t\t\t\t\t\t<span class=\"elementor-button-text\">ANGEBOT LIPSIE ENTERTAINMENT<\/span>\n\t\t\t\t\t<\/span>\n\t\t\t\t\t<\/a>\n\t\t\t\t<\/div>\n\t\t\t\t\t\t\t\t<\/div>\n\t\t\t\t<\/div>\n\t\t\t\t\t<\/div>\n\t\t<\/div>\n\t\t\t\t\t<\/div>\n\t\t<\/section>\n\t\t\t\t<section class=\"elementor-section elementor-top-section elementor-element elementor-element-e6d2963 elementor-section-full_width elementor-section-height-default elementor-section-height-default\" data-id=\"e6d2963\" data-element_type=\"section\" data-e-type=\"section\">\n\t\t\t\t\t\t<div class=\"elementor-container elementor-column-gap-default\">\n\t\t\t\t\t<div class=\"elementor-column elementor-col-100 elementor-top-column elementor-element elementor-element-5d85b02\" data-id=\"5d85b02\" data-element_type=\"column\" data-e-type=\"column\">\n\t\t\t<div class=\"elementor-widget-wrap elementor-element-populated\">\n\t\t\t\t\t\t<div class=\"elementor-element elementor-element-c88032e elementor-widget elementor-widget-template\" data-id=\"c88032e\" data-element_type=\"widget\" data-e-type=\"widget\" data-widget_type=\"template.default\">\n\t\t\t\t<div class=\"elementor-widget-container\">\n\t\t\t\t\t\t\t<div class=\"elementor-template\">\n\t\t\t\t\t<div data-elementor-type=\"section\" data-elementor-id=\"267\" class=\"elementor elementor-267\" data-elementor-post-type=\"elementor_library\">\n\t\t\t\t\t<section class=\"elementor-section elementor-top-section elementor-element elementor-element-5bb69a9a elementor-section-full_width elementor-section-height-default elementor-section-height-default\" data-id=\"5bb69a9a\" data-element_type=\"section\" data-e-type=\"section\" data-settings=\"{&quot;background_background&quot;:&quot;classic&quot;}\">\n\t\t\t\t\t\t<div class=\"elementor-container elementor-column-gap-default\">\n\t\t\t\t\t<div class=\"elementor-column elementor-col-100 elementor-top-column elementor-element elementor-element-6f6daae2\" data-id=\"6f6daae2\" data-element_type=\"column\" data-e-type=\"column\">\n\t\t\t<div class=\"elementor-widget-wrap elementor-element-populated\">\n\t\t\t\t\t\t<div class=\"elementor-element elementor-element-52be438d after-orange after-center elementor-widget elementor-widget-heading\" data-id=\"52be438d\" data-element_type=\"widget\" data-e-type=\"widget\" data-widget_type=\"heading.default\">\n\t\t\t\t<div class=\"elementor-widget-container\">\n\t\t\t\t\t<h1 class=\"elementor-heading-title elementor-size-default\">Neueste Artikel<\/h1>\t\t\t\t<\/div>\n\t\t\t\t<\/div>\n\t\t\t\t<div class=\"elementor-element elementor-element-458bfcca elementor-widget elementor-widget-heading\" data-id=\"458bfcca\" data-element_type=\"widget\" data-e-type=\"widget\" data-widget_type=\"heading.default\">\n\t\t\t\t<div class=\"elementor-widget-container\">\n\t\t\t\t\t<h4 class=\"elementor-heading-title elementor-size-default\">Lesen Sie unsere Artikel mit n\u00fctzlichen Tipps f\u00fcr eine optimale \u00dcbersetzung, die auf Ihre Ziele zugeschnitten ist.<\/h4>\t\t\t\t<\/div>\n\t\t\t\t<\/div>\n\t\t\t\t<div class=\"elementor-element elementor-element-d949771 elementor-posts--align-left elementor-grid-3 elementor-grid-tablet-2 elementor-grid-mobile-1 elementor-posts--thumbnail-top elementor-posts__hover-gradient elementor-widget elementor-widget-posts\" data-id=\"d949771\" data-element_type=\"widget\" data-e-type=\"widget\" data-settings=\"{&quot;cards_columns&quot;:&quot;3&quot;,&quot;cards_columns_tablet&quot;:&quot;2&quot;,&quot;cards_columns_mobile&quot;:&quot;1&quot;,&quot;cards_row_gap&quot;:{&quot;unit&quot;:&quot;px&quot;,&quot;size&quot;:35,&quot;sizes&quot;:[]},&quot;cards_row_gap_tablet&quot;:{&quot;unit&quot;:&quot;px&quot;,&quot;size&quot;:&quot;&quot;,&quot;sizes&quot;:[]},&quot;cards_row_gap_mobile&quot;:{&quot;unit&quot;:&quot;px&quot;,&quot;size&quot;:&quot;&quot;,&quot;sizes&quot;:[]}}\" data-widget_type=\"posts.cards\">\n\t\t\t\t<div class=\"elementor-widget-container\">\n\t\t\t\t\t\t\t<div class=\"elementor-posts-container elementor-posts elementor-posts--skin-cards elementor-grid\" role=\"list\">\n\t\t\t\t<article class=\"elementor-post elementor-grid-item post-1 post type-post status-publish format-standard has-post-thumbnail hentry category-drehbuchubersetzung category-synchronisation category-ubersetzung-von-untertiteln\" role=\"listitem\">\n\t\t\t<div class=\"elementor-post__card\">\n\t\t\t\t<a class=\"elementor-post__thumbnail__link\" href=\"https:\/\/www.lipsie.com\/ch\/videoubersetzung\/kostenloses-voice-over-wie-sie-ihre-videos-kostenlos-synchronisieren-lassen-konnen\/\" tabindex=\"-1\" ><div class=\"elementor-post__thumbnail\"><img decoding=\"async\" width=\"1000\" height=\"600\" src=\"https:\/\/www.lipsie.com\/ch\/videoubersetzung\/wp-content\/uploads\/2023\/05\/sub2dub-article-cover-voice-over-gratuito-lipsie.jpg\" class=\"attachment-full size-full wp-image-148\" alt=\"\" srcset=\"https:\/\/www.lipsie.com\/ch\/videoubersetzung\/wp-content\/uploads\/2023\/05\/sub2dub-article-cover-voice-over-gratuito-lipsie.jpg 1000w, https:\/\/www.lipsie.com\/ch\/videoubersetzung\/wp-content\/uploads\/2023\/05\/sub2dub-article-cover-voice-over-gratuito-lipsie-300x180.jpg 300w, https:\/\/www.lipsie.com\/ch\/videoubersetzung\/wp-content\/uploads\/2023\/05\/sub2dub-article-cover-voice-over-gratuito-lipsie-768x461.jpg 768w\" sizes=\"(max-width: 1000px) 100vw, 1000px\" \/><\/div><\/a>\n\t\t\t\t<div class=\"elementor-post__text\">\n\t\t\t\t<h3 class=\"elementor-post__title\">\n\t\t\t<a href=\"https:\/\/www.lipsie.com\/ch\/videoubersetzung\/kostenloses-voice-over-wie-sie-ihre-videos-kostenlos-synchronisieren-lassen-konnen\/\" >\n\t\t\t\tKostenloses Voice-over: Wie Sie Ihre Videos kostenlos synchronisieren lassen k\u00f6nnen\t\t\t<\/a>\n\t\t<\/h3>\n\t\t\t\t<div class=\"elementor-post__excerpt\">\n\t\t\t<p>In dieser Anleitung finden Sie alle Informationen, die Sie ben\u00f6tigen, um Ihre Videos zu untertiteln und zu synchronisieren. Insbesondere werden<\/p>\n\t\t<\/div>\n\t\t\t\t<\/div>\n\t\t\t\t<div class=\"elementor-post__meta-data\">\n\t\t\t\t\t<span class=\"elementor-post-date\">\n\t\t\tMay 1, 2023\t\t<\/span>\n\t\t\t\t<\/div>\n\t\t\t\t\t<\/div>\n\t\t<\/article>\n\t\t\t\t<\/div>\n\t\t\n\t\t\t\t\t\t<\/div>\n\t\t\t\t<\/div>\n\t\t\t\t<div class=\"elementor-element elementor-element-5210079b elementor-align-center elementor-widget elementor-widget-button\" data-id=\"5210079b\" data-element_type=\"widget\" data-e-type=\"widget\" data-widget_type=\"button.default\">\n\t\t\t\t<div class=\"elementor-widget-container\">\n\t\t\t\t\t\t\t\t\t<div class=\"elementor-button-wrapper\">\n\t\t\t\t\t<a class=\"elementor-button elementor-button-link elementor-size-md\" href=\"https:\/\/www.lipsie.com\/ch\/videoubersetzung\/blog\/\">\n\t\t\t\t\t\t<span class=\"elementor-button-content-wrapper\">\n\t\t\t\t\t\t\t\t\t<span class=\"elementor-button-text\">DAS KOMPLETTE ARCHIV ENTDECKEN<\/span>\n\t\t\t\t\t<\/span>\n\t\t\t\t\t<\/a>\n\t\t\t\t<\/div>\n\t\t\t\t\t\t\t\t<\/div>\n\t\t\t\t<\/div>\n\t\t\t\t\t<\/div>\n\t\t<\/div>\n\t\t\t\t\t<\/div>\n\t\t<\/section>\n\t\t\t\t<\/div>\n\t\t\t\t<\/div>\n\t\t\t\t\t\t<\/div>\n\t\t\t\t<\/div>\n\t\t\t\t\t<\/div>\n\t\t<\/div>\n\t\t\t\t\t<\/div>\n\t\t<\/section>\n\t\t\t\t<\/div>\n\t\t","protected":false},"excerpt":{"rendered":"<p>\u00dcbersetzung von Untertiteln &#8220;Was geschrieben oder gedacht werden kann, kann genauso gut gefilmt werden&#8221;. (Stanley Kubrick) \u00dcbersetzung von Untertiteln: Lassen Sie Ihre Bilder sprechen Von Kunstvideos bis hin zu Werbe- und Unternehmensvideos gibt es kein audiovisuelles Produkt, f\u00fcr das keine Untertitel verwendet werden. Anstatt zu synchronisieren, ziehen es viele Unternehmen vor, ihre Videos zu untertiteln [&hellip;]<\/p>\n","protected":false},"author":2,"featured_media":102,"parent":0,"menu_order":0,"comment_status":"closed","ping_status":"closed","template":"","meta":{"footnotes":""},"class_list":["post-101","page","type-page","status-publish","has-post-thumbnail","hentry"],"_links":{"self":[{"href":"https:\/\/www.lipsie.com\/ch\/videoubersetzung\/wp-json\/wp\/v2\/pages\/101","targetHints":{"allow":["GET"]}}],"collection":[{"href":"https:\/\/www.lipsie.com\/ch\/videoubersetzung\/wp-json\/wp\/v2\/pages"}],"about":[{"href":"https:\/\/www.lipsie.com\/ch\/videoubersetzung\/wp-json\/wp\/v2\/types\/page"}],"author":[{"embeddable":true,"href":"https:\/\/www.lipsie.com\/ch\/videoubersetzung\/wp-json\/wp\/v2\/users\/2"}],"replies":[{"embeddable":true,"href":"https:\/\/www.lipsie.com\/ch\/videoubersetzung\/wp-json\/wp\/v2\/comments?post=101"}],"version-history":[{"count":12,"href":"https:\/\/www.lipsie.com\/ch\/videoubersetzung\/wp-json\/wp\/v2\/pages\/101\/revisions"}],"predecessor-version":[{"id":303,"href":"https:\/\/www.lipsie.com\/ch\/videoubersetzung\/wp-json\/wp\/v2\/pages\/101\/revisions\/303"}],"wp:featuredmedia":[{"embeddable":true,"href":"https:\/\/www.lipsie.com\/ch\/videoubersetzung\/wp-json\/wp\/v2\/media\/102"}],"wp:attachment":[{"href":"https:\/\/www.lipsie.com\/ch\/videoubersetzung\/wp-json\/wp\/v2\/media?parent=101"}],"curies":[{"name":"wp","href":"https:\/\/api.w.org\/{rel}","templated":true}]}}